{"id":2767,"date":"2026-04-22T18:52:23","date_gmt":"2026-04-22T22:52:23","guid":{"rendered":"https:\/\/latetechercheuse.com\/?post_type=jobs&#038;p=2767"},"modified":"2026-09-01T20:26:24","modified_gmt":"2026-09-02T00:26:24","slug":"digital-marketing-coordinator-and-graphic-designer","status":"publish","type":"jobs","link":"https:\/\/latetechercheuse.com\/en\/business-job-offers\/digital-marketing-coordinator-and-graphic-designer\/","title":{"rendered":"Digital Marketing Coordinator and Graphic Designer"},"featured_media":0,"template":"page-templates\/job-detail.php","sectors":[11,13,24],"levels":[18],"class_list":["type-jobs","hentry"],"acf":{"sticky":false,"company":{"name":"\u00c9clairage DALS Inc.","hide_company_name":false},"job_id":"4389","region":"Montr\u00e9al","location":"Blainville","work_arrangement":"Pr\u00e9sentiel","the_company":"<p>Founded in 2008, \u00c9clairage DALS Inc. is a manufacturer of LED lighting products focused on innovative and emerging technologies. Their lighting systems are showcased and stocked in various lighting showrooms, electrical distributors, and retail outlets.<\/p>\n<p>Their products are also specified in projects across North America through a vast network of agents who collaborate with architects, engineers, contractors, and distributors. The company is committed to delivering outstanding service, exceeding industry delivery timelines, driving environmental innovation, and ensuring product quality.<\/p>\n","the_role":"<p class=\"p1\">Reporting to the Marketing Director, the successful candidate will be responsible for creating visual content and executing digital initiatives. This key role supports product launches by producing marketing content aligned with the brand and ensuring its distribution across multiple platforms.<\/p>\n<p class=\"p1\">To succeed in this role, it is important to demonstrate strong design and marketing skills, a natural ability to stay organized, and exceptional attention to detail.<\/p>\n","essential_criteria":"<ul>\n<li>Minimum of 4 years of experience in graphic design, digital marketing, and or e-commerce content<\/li>\n<li>Experience creating visuals from predefined templates within a brand strategy<\/li>\n<li>Strong proficiency in Adobe Creative Cloud (Photoshop, Illustrator, InDesign)<\/li>\n<li>Experience in content creation, including newsletters and social media<\/li>\n<li>Experience managing website content, including updates and product page creation<\/li>\n<li>Strong organizational and prioritization skills; experience with project management tools such as Monday is an asset<\/li>\n<li>Knowledge of email marketing and social media management tools is an asset<\/li>\n<li>Excellent written and verbal communication skills in both French and English, with the ability to adapt tone to different audiences and partners<\/li>\n<\/ul>\n","company_section_label":"company","team_member":[{"ID":1081,"post_author":"7","post_date":"2025-02-12 02:52:51","post_date_gmt":"2025-02-12 07:52:51","post_content":"<!-- wp:paragraph -->\n<p>Holder of a Master\u2019s degree in Business Development Management with a specialization in Marketing, Communication, and Digital, she began her career in France in internal communication before transitioning to external communication and web content after arriving in Canada in 2018.<br><br>Throughout her academic and professional journey, Alice has refined her sense of organization, management, and collaboration by working on project teams and using the agile method.<br><br>Simultaneously, she developed a growing interest in human resources, especially in recruitment. It was in January 2023 that she joined La T\u00eate Chercheuse (LTC) as a Talent Management Project Manager.<br><br>Working closely with the recruitment team, she sees this opportunity as a chance to learn new skills and apply her expertise in a dynamic work environment.<\/p>\n<!-- \/wp:paragraph -->\n\n<!-- wp:paragraph -->\n<p><\/p>\n<!-- \/wp:paragraph -->","post_title":"Alice Henrottay","post_excerpt":"","post_status":"publish","comment_status":"closed","ping_status":"closed","post_password":"","post_name":"alice-henrottay","to_ping":"","pinged":"","post_modified":"2025-03-05 15:01:45","post_modified_gmt":"2025-03-05 20:01:45","post_content_filtered":"","post_parent":0,"guid":"https:\/\/latetechercheuse.com\/?post_type=teammembers&#038;p=1081","menu_order":9,"post_type":"teammembers","post_mime_type":"","comment_count":"0","filter":"raw"}],"contact_person":[1081]},"yoast_head":"<!-- This site is optimized with the Yoast SEO Premium plugin v28.3 (Yoast SEO v28.4) - https:\/\/yoast.com\/product\/yoast-seo-premium-wordpress\/ -->\n<title>Digital Marketing Coordinator and Graphic Designer - La T\u00eate Chercheuse<\/title>\n<meta name=\"robots\" content=\"index, follow, max-snippet:-1, max-image-preview:large, max-video-preview:-1\" \/>\n<link rel=\"canonical\" href=\"https:\/\/latetechercheuse.com\/en\/business-job-offers\/digital-marketing-coordinator-and-graphic-designer\/\" \/>\n<meta property=\"og:locale\" content=\"en_US\" \/>\n<meta property=\"og:type\" content=\"article\" \/>\n<meta property=\"og:title\" content=\"Digital Marketing Coordinator and Graphic Designer\" \/>\n<meta property=\"og:url\" content=\"https:\/\/latetechercheuse.com\/en\/business-job-offers\/digital-marketing-coordinator-and-graphic-designer\/\" \/>\n<meta property=\"og:site_name\" content=\"La T\u00eate Chercheuse\" \/>\n<meta property=\"article:publisher\" content=\"https:\/\/www.facebook.com\/LaTeteChercheuse\" \/>\n<meta property=\"article:modified_time\" content=\"2026-09-02T00:26:24+00:00\" \/>\n<meta property=\"og:image\" content=\"https:\/\/latetechercheuse.com\/wp-content\/uploads\/2025\/02\/Logo-2.png\" \/>\n\t<meta property=\"og:image:width\" content=\"301\" \/>\n\t<meta property=\"og:image:height\" content=\"288\" \/>\n\t<meta property=\"og:image:type\" content=\"image\/png\" \/>\n<meta name=\"twitter:card\" content=\"summary_large_image\" \/>\n<script type=\"application\/ld+json\" class=\"yoast-schema-graph\">{\"@context\":\"https:\\\/\\\/schema.org\",\"@graph\":[{\"@type\":\"WebPage\",\"@id\":\"https:\\\/\\\/latetechercheuse.com\\\/en\\\/business-job-offers\\\/digital-marketing-coordinator-and-graphic-designer\\\/\",\"url\":\"https:\\\/\\\/latetechercheuse.com\\\/en\\\/business-job-offers\\\/digital-marketing-coordinator-and-graphic-designer\\\/\",\"name\":\"Digital Marketing Coordinator and Graphic Designer - La T\u00eate Chercheuse\",\"isPartOf\":{\"@id\":\"https:\\\/\\\/latetechercheuse.com\\\/en\\\/#website\"},\"datePublished\":\"2026-04-22T22:52:23+00:00\",\"dateModified\":\"2026-09-02T00:26:24+00:00\",\"breadcrumb\":{\"@id\":\"https:\\\/\\\/latetechercheuse.com\\\/en\\\/business-job-offers\\\/digital-marketing-coordinator-and-graphic-designer\\\/#breadcrumb\"},\"inLanguage\":\"en-US\",\"potentialAction\":[{\"@type\":\"ReadAction\",\"target\":[\"https:\\\/\\\/latetechercheuse.com\\\/en\\\/business-job-offers\\\/digital-marketing-coordinator-and-graphic-designer\\\/\"]}]},{\"@type\":\"BreadcrumbList\",\"@id\":\"https:\\\/\\\/latetechercheuse.com\\\/en\\\/business-job-offers\\\/digital-marketing-coordinator-and-graphic-designer\\\/#breadcrumb\",\"itemListElement\":[{\"@type\":\"ListItem\",\"position\":1,\"name\":\"Home\",\"item\":\"https:\\\/\\\/latetechercheuse.com\\\/en\\\/\"},{\"@type\":\"ListItem\",\"position\":2,\"name\":\"Digital Marketing Coordinator and Graphic Designer\"}]},{\"@type\":\"WebSite\",\"@id\":\"https:\\\/\\\/latetechercheuse.com\\\/en\\\/#website\",\"url\":\"https:\\\/\\\/latetechercheuse.com\\\/en\\\/\",\"name\":\"La T\u00eate Chercheuse\",\"description\":\"\",\"publisher\":{\"@id\":\"https:\\\/\\\/latetechercheuse.com\\\/en\\\/#organization\"},\"potentialAction\":[{\"@type\":\"SearchAction\",\"target\":{\"@type\":\"EntryPoint\",\"urlTemplate\":\"https:\\\/\\\/latetechercheuse.com\\\/en\\\/?s={search_term_string}\"},\"query-input\":{\"@type\":\"PropertyValueSpecification\",\"valueRequired\":true,\"valueName\":\"search_term_string\"}}],\"inLanguage\":\"en-US\"},{\"@type\":\"Organization\",\"@id\":\"https:\\\/\\\/latetechercheuse.com\\\/en\\\/#organization\",\"name\":\"La T\u00eate Chercheuse\",\"url\":\"https:\\\/\\\/latetechercheuse.com\\\/en\\\/\",\"logo\":{\"@type\":\"ImageObject\",\"inLanguage\":\"en-US\",\"@id\":\"https:\\\/\\\/latetechercheuse.com\\\/en\\\/#\\\/schema\\\/logo\\\/image\\\/\",\"url\":\"https:\\\/\\\/latetechercheuse.com\\\/wp-content\\\/uploads\\\/2024\\\/11\\\/Logo.svg\",\"contentUrl\":\"https:\\\/\\\/latetechercheuse.com\\\/wp-content\\\/uploads\\\/2024\\\/11\\\/Logo.svg\",\"width\":1,\"height\":1,\"caption\":\"La T\u00eate Chercheuse\"},\"image\":{\"@id\":\"https:\\\/\\\/latetechercheuse.com\\\/en\\\/#\\\/schema\\\/logo\\\/image\\\/\"},\"sameAs\":[\"https:\\\/\\\/www.facebook.com\\\/LaTeteChercheuse\",\"https:\\\/\\\/www.linkedin.com\\\/company\\\/la-tete-chercheuse\\\/\",\"https:\\\/\\\/www.instagram.com\\\/la.tete.chercheuse\\\/\"]}]}<\/script>\n<!-- \/ Yoast SEO Premium plugin. -->","yoast_head_json":{"title":"Digital Marketing Coordinator and Graphic Designer - La T\u00eate Chercheuse","robots":{"index":"index","follow":"follow","max-snippet":"max-snippet:-1","max-image-preview":"max-image-preview:large","max-video-preview":"max-video-preview:-1"},"canonical":"https:\/\/latetechercheuse.com\/en\/business-job-offers\/digital-marketing-coordinator-and-graphic-designer\/","og_locale":"en_US","og_type":"article","og_title":"Digital Marketing Coordinator and Graphic Designer","og_url":"https:\/\/latetechercheuse.com\/en\/business-job-offers\/digital-marketing-coordinator-and-graphic-designer\/","og_site_name":"La T\u00eate Chercheuse","article_publisher":"https:\/\/www.facebook.com\/LaTeteChercheuse","article_modified_time":"2026-09-02T00:26:24+00:00","og_image":[{"width":301,"height":288,"url":"https:\/\/latetechercheuse.com\/wp-content\/uploads\/2025\/02\/Logo-2.png","type":"image\/png"}],"twitter_card":"summary_large_image","schema":{"@context":"https:\/\/schema.org","@graph":[{"@type":"WebPage","@id":"https:\/\/latetechercheuse.com\/en\/business-job-offers\/digital-marketing-coordinator-and-graphic-designer\/","url":"https:\/\/latetechercheuse.com\/en\/business-job-offers\/digital-marketing-coordinator-and-graphic-designer\/","name":"Digital Marketing Coordinator and Graphic Designer - La T\u00eate Chercheuse","isPartOf":{"@id":"https:\/\/latetechercheuse.com\/en\/#website"},"datePublished":"2026-04-22T22:52:23+00:00","dateModified":"2026-09-02T00:26:24+00:00","breadcrumb":{"@id":"https:\/\/latetechercheuse.com\/en\/business-job-offers\/digital-marketing-coordinator-and-graphic-designer\/#breadcrumb"},"inLanguage":"en-US","potentialAction":[{"@type":"ReadAction","target":["https:\/\/latetechercheuse.com\/en\/business-job-offers\/digital-marketing-coordinator-and-graphic-designer\/"]}]},{"@type":"BreadcrumbList","@id":"https:\/\/latetechercheuse.com\/en\/business-job-offers\/digital-marketing-coordinator-and-graphic-designer\/#breadcrumb","itemListElement":[{"@type":"ListItem","position":1,"name":"Home","item":"https:\/\/latetechercheuse.com\/en\/"},{"@type":"ListItem","position":2,"name":"Digital Marketing Coordinator and Graphic Designer"}]},{"@type":"WebSite","@id":"https:\/\/latetechercheuse.com\/en\/#website","url":"https:\/\/latetechercheuse.com\/en\/","name":"La T\u00eate Chercheuse","description":"","publisher":{"@id":"https:\/\/latetechercheuse.com\/en\/#organization"},"potentialAction":[{"@type":"SearchAction","target":{"@type":"EntryPoint","urlTemplate":"https:\/\/latetechercheuse.com\/en\/?s={search_term_string}"},"query-input":{"@type":"PropertyValueSpecification","valueRequired":true,"valueName":"search_term_string"}}],"inLanguage":"en-US"},{"@type":"Organization","@id":"https:\/\/latetechercheuse.com\/en\/#organization","name":"La T\u00eate Chercheuse","url":"https:\/\/latetechercheuse.com\/en\/","logo":{"@type":"ImageObject","inLanguage":"en-US","@id":"https:\/\/latetechercheuse.com\/en\/#\/schema\/logo\/image\/","url":"https:\/\/latetechercheuse.com\/wp-content\/uploads\/2024\/11\/Logo.svg","contentUrl":"https:\/\/latetechercheuse.com\/wp-content\/uploads\/2024\/11\/Logo.svg","width":1,"height":1,"caption":"La T\u00eate Chercheuse"},"image":{"@id":"https:\/\/latetechercheuse.com\/en\/#\/schema\/logo\/image\/"},"sameAs":["https:\/\/www.facebook.com\/LaTeteChercheuse","https:\/\/www.linkedin.com\/company\/la-tete-chercheuse\/","https:\/\/www.instagram.com\/la.tete.chercheuse\/"]}]}},"translations":{"language_code":"en","locale":"en_US","text_direction":false,"display_name":"EN","native_name":"EN","different_language":false},"_links":{"self":[{"href":"https:\/\/latetechercheuse.com\/en\/wp-json\/wp\/v2\/jobs\/2767","targetHints":{"allow":["GET"]}}],"collection":[{"href":"https:\/\/latetechercheuse.com\/en\/wp-json\/wp\/v2\/jobs"}],"about":[{"href":"https:\/\/latetechercheuse.com\/en\/wp-json\/wp\/v2\/types\/jobs"}],"wp:attachment":[{"href":"https:\/\/latetechercheuse.com\/en\/wp-json\/wp\/v2\/media?parent=2767"}],"wp:term":[{"taxonomy":"sectors","embeddable":true,"href":"https:\/\/latetechercheuse.com\/en\/wp-json\/wp\/v2\/sectors?post=2767"},{"taxonomy":"levels","embeddable":true,"href":"https:\/\/latetechercheuse.com\/en\/wp-json\/wp\/v2\/levels?post=2767"}],"curies":[{"name":"wp","href":"https:\/\/api.w.org\/{rel}","templated":true}]}}

Éclairage DALS Inc.

Montréal

Présentiel

<p>Founded in 2008, Éclairage DALS Inc. is a manufacturer of LED lighting products focused on innovative and emerging technologies. Their lighting systems are showcased and stocked in various lighting showrooms, electrical distributors, and retail outlets.</p>
<p>Their products are also specified in projects across North America through a vast network of agents who collaborate with architects, engineers, contractors, and distributors. The company is committed to delivering outstanding service, exceeding industry delivery timelines, driving environmental innovation, and ensuring product quality.</p>

<!-- wp:paragraph -->
<p>Holder of a Master’s degree in Business Development Management with a specialization in Marketing, Communication, and Digital, she began her career in France in internal communication before transitioning to external communication and web content after arriving in Canada in 2018.<br><br>Throughout her academic and professional journey, Alice has refined her sense of organization, management, and collaboration by working on project teams and using the agile method.<br><br>Simultaneously, she developed a growing interest in human resources, especially in recruitment. It was in January 2023 that she joined La Tête Chercheuse (LTC) as a Talent Management Project Manager.<br><br>Working closely with the recruitment team, she sees this opportunity as a chance to learn new skills and apply her expertise in a dynamic work environment.</p>
<!-- /wp:paragraph -->

<!-- wp:paragraph -->
<p></p>
<!-- /wp:paragraph -->

<!-- This site is optimized with the Yoast SEO Premium plugin v28.3 (Yoast SEO v28.4) - https://yoast.com/product/yoast-seo-premium-wordpress/ -->
<title>Digital Marketing Coordinator and Graphic Designer - La Tête Chercheuse</title>
<meta name="robots" content="index, follow, max-snippet:-1, max-image-preview:large, max-video-preview:-1" />
<link rel="canonical" href="https://latetechercheuse.com/en/business-job-offers/digital-marketing-coordinator-and-graphic-designer/" />
<meta property="og:locale" content="en_US" />
<meta property="og:type" content="article" />
<meta property="og:title" content="Digital Marketing Coordinator and Graphic Designer" />
<meta property="og:url" content="https://latetechercheuse.com/en/business-job-offers/digital-marketing-coordinator-and-graphic-designer/" />
<meta property="og:site_name" content="La Tête Chercheuse" />
<meta property="article:publisher" content="https://www.facebook.com/LaTeteChercheuse" />
<meta property="article:modified_time" content="2026-09-02T00:26:24+00:00" />
<meta property="og:image" content="https://latetechercheuse.com/wp-content/uploads/2025/02/Logo-2.png" />
	<meta property="og:image:width" content="301" />
	<meta property="og:image:height" content="288" />
	<meta property="og:image:type" content="image/png" />
<meta name="twitter:card" content="summary_large_image" />
<script type="application/ld+json" class="yoast-schema-graph">{"@context":"https:\/\/schema.org","@graph":[{"@type":"WebPage","@id":"https:\/\/latetechercheuse.com\/en\/business-job-offers\/digital-marketing-coordinator-and-graphic-designer\/","url":"https:\/\/latetechercheuse.com\/en\/business-job-offers\/digital-marketing-coordinator-and-graphic-designer\/","name":"Digital Marketing Coordinator and Graphic Designer - La Tête Chercheuse","isPartOf":{"@id":"https:\/\/latetechercheuse.com\/en\/#website"},"datePublished":"2026-04-22T22:52:23+00:00","dateModified":"2026-09-02T00:26:24+00:00","breadcrumb":{"@id":"https:\/\/latetechercheuse.com\/en\/business-job-offers\/digital-marketing-coordinator-and-graphic-designer\/#breadcrumb"},"inLanguage":"en-US","potentialAction":[{"@type":"ReadAction","target":["https:\/\/latetechercheuse.com\/en\/business-job-offers\/digital-marketing-coordinator-and-graphic-designer\/"]}]},{"@type":"BreadcrumbList","@id":"https:\/\/latetechercheuse.com\/en\/business-job-offers\/digital-marketing-coordinator-and-graphic-designer\/#breadcrumb","itemListElement":[{"@type":"ListItem","position":1,"name":"Home","item":"https:\/\/latetechercheuse.com\/en\/"},{"@type":"ListItem","position":2,"name":"Digital Marketing Coordinator and Graphic Designer"}]},{"@type":"WebSite","@id":"https:\/\/latetechercheuse.com\/en\/#website","url":"https:\/\/latetechercheuse.com\/en\/","name":"La Tête Chercheuse","description":"","publisher":{"@id":"https:\/\/latetechercheuse.com\/en\/#organization"},"potentialAction":[{"@type":"SearchAction","target":{"@type":"EntryPoint","urlTemplate":"https:\/\/latetechercheuse.com\/en\/?s={search_term_string}"},"query-input":{"@type":"PropertyValueSpecification","valueRequired":true,"valueName":"search_term_string"}}],"inLanguage":"en-US"},{"@type":"Organization","@id":"https:\/\/latetechercheuse.com\/en\/#organization","name":"La Tête Chercheuse","url":"https:\/\/latetechercheuse.com\/en\/","logo":{"@type":"ImageObject","inLanguage":"en-US","@id":"https:\/\/latetechercheuse.com\/en\/#\/schema\/logo\/image\/","url":"https:\/\/latetechercheuse.com\/wp-content\/uploads\/2024\/11\/Logo.svg","contentUrl":"https:\/\/latetechercheuse.com\/wp-content\/uploads\/2024\/11\/Logo.svg","width":1,"height":1,"caption":"La Tête Chercheuse"},"image":{"@id":"https:\/\/latetechercheuse.com\/en\/#\/schema\/logo\/image\/"},"sameAs":["https:\/\/www.facebook.com\/LaTeteChercheuse","https:\/\/www.linkedin.com\/company\/la-tete-chercheuse\/","https:\/\/www.instagram.com\/la.tete.chercheuse\/"]}]}</script>
<!-- / Yoast SEO Premium plugin. -->

Digital Marketing Coordinator and Graphic Designer - La Tête Chercheuse

La Tête Chercheuse
