{"id":2700,"date":"2026-03-26T16:15:16","date_gmt":"2026-03-26T20:15:16","guid":{"rendered":"https:\/\/latetechercheuse.com\/?post_type=jobs&#038;p=2700"},"modified":"2026-03-26T16:31:17","modified_gmt":"2026-03-26T20:31:17","slug":"political-communications-and-media-content-manager","status":"publish","type":"jobs","link":"https:\/\/latetechercheuse.com\/en\/business-job-offers\/political-communications-and-media-content-manager\/","title":{"rendered":"Political Communications and Media Content Manager"},"featured_media":0,"template":"page-templates\/job-detail.php","sectors":[10],"levels":[18],"class_list":{"2":"type-jobs","4":"hentry"},"acf":{"sticky":false,"company":{"name":"F\u00e9d\u00e9ration des m\u00e9decins r\u00e9sidents du Qu\u00e9bec","hide_company_name":false},"job_id":"4364","region":"Montr\u00e9al","team_member":[{"ID":1079,"post_author":"7","post_date":"2025-02-12 02:47:35","post_date_gmt":"2025-02-12 07:47:35","post_content":"<!-- wp:paragraph -->\n<p>With over 15 years of experience in recruitment, Caroline has primarily excelled within consulting firms specializing in information technology. Throughout her career, she has managed high-profile client accounts, showcasing a solid expertise and exceptional adaptability. Her role has involved supporting managers in their digital transformation projects by providing strategic advice and tailored solutions to optimize their processes.<br><br>Known for her strong interpersonal skills and ability to build lasting trust with clients, candidates, and partners, Caroline stands out for her active listening and human-centered approach, which have earned her numerous successes. Originally from the beautiful Saguenay region, she completed her studies there before moving to Montreal, where she began her career after earning a bachelor\u2019s degree in business administration.<\/p>\n<!-- \/wp:paragraph -->\n\n<!-- wp:paragraph -->\n<p><\/p>\n<!-- \/wp:paragraph -->","post_title":"Caroline Blackburn","post_excerpt":"","post_status":"publish","comment_status":"closed","ping_status":"closed","post_password":"","post_name":"caroline-blackburn","to_ping":"","pinged":"","post_modified":"2026-01-16 09:48:39","post_modified_gmt":"2026-01-16 14:48:39","post_content_filtered":"","post_parent":0,"guid":"https:\/\/latetechercheuse.com\/?post_type=teammembers&#038;p=1079","menu_order":11,"post_type":"teammembers","post_mime_type":"","comment_count":"0","filter":"raw"}],"contact_person":[1079],"location":"Montreal","work_arrangement":"Hybride","the_company":"<p class=\"p1\">The F\u00e9d\u00e9ration des m\u00e9decins r\u00e9sidents du Qu\u00e9bec (FMRQ) is a professional union representing resident physicians\u2019 associations from the four medical faculties of Universit\u00e9 de Montr\u00e9al, McGill University, Universit\u00e9 de Sherbrooke, and Universit\u00e9 Laval.<\/p>\n<p class=\"p1\">The FMRQ is dedicated to the study, advocacy, and advancement of the financial, social, moral, academic, and professional interests of its member associations and their members. It is responsible for negotiating the collective agreement and ensuring its proper implementation within training environments. The organization also negotiates a range of financial services and personal insurance offerings.<\/p>\n","the_role":"<p class=\"p1\">Reporting to the Executive Director, the Political Communications and Media Content Manager monitors the Federation\u2019s political files and contributes to their development, notably by creating multimedia content (texts, photos, videos, etc.) that highlights these issues and the organization\u2019s mission.<\/p>\n<p class=\"p1\">The incumbent coordinates with various external partners, including those responsible for publishing and managing content across multiple platforms (website, mobile application, and social media). The individual also contributes to and develops the Federation\u2019s overall communication activities and acts as an advisor to senior leadership.<\/p>\n","essential_criteria":"<ul>\n<li class=\"p1\">University degree in communications or a related field<\/li>\n<li class=\"p1\">Five (5) years of experience in a related field or in project management<\/li>\n<li class=\"p1\">Knowledge of the healthcare sector, an asset<\/li>\n<li class=\"p1\">Excellent command of French, both written and spoken<\/li>\n<li class=\"p1\">Strong proficiency in English, both written and spoken<\/li>\n<li class=\"p1\">Excellent writing, analytical, and synthesis skills<\/li>\n<li class=\"p1\">Strong political awareness and interest in political and social issues<\/li>\n<li class=\"p1\">Ability to work in a political environment<\/li>\n<li class=\"p1\">Creativity and innovative mindset<\/li>\n<li class=\"p1\">Strong planning and organizational skills<\/li>\n<li class=\"p1\">High level of ethics and professionalism<\/li>\n<li class=\"p1\">Strong interpersonal skills<\/li>\n<li class=\"p1\">Ability to work both independently and as part of a team<\/li>\n<li class=\"p1\">Availability to attend evening or weekend meetings, as needed<\/li>\n<li class=\"p1\">Demonstrates emotional intelligence<\/li>\n<li class=\"p1\">Proficiency in MS Office Suite (Word, Outlook, Excel, PowerPoint, etc.)<\/li>\n<\/ul>\n"},"yoast_head":"<!-- This site is optimized with the Yoast SEO Premium plugin v27.4 (Yoast SEO v27.5) - https:\/\/yoast.com\/product\/yoast-seo-premium-wordpress\/ -->\n<title>Political Communications and Media Content Manager - La T\u00eate Chercheuse<\/title>\n<meta name=\"robots\" content=\"index, follow, max-snippet:-1, max-image-preview:large, max-video-preview:-1\" \/>\n<link rel=\"canonical\" href=\"https:\/\/latetechercheuse.com\/en\/business-job-offers\/political-communications-and-media-content-manager\/\" \/>\n<meta property=\"og:locale\" content=\"en_US\" \/>\n<meta property=\"og:type\" content=\"article\" \/>\n<meta property=\"og:title\" content=\"Political Communications and Media Content Manager\" \/>\n<meta property=\"og:url\" content=\"https:\/\/latetechercheuse.com\/en\/business-job-offers\/political-communications-and-media-content-manager\/\" \/>\n<meta property=\"og:site_name\" content=\"La T\u00eate Chercheuse\" \/>\n<meta property=\"article:publisher\" content=\"https:\/\/www.facebook.com\/LaTeteChercheuse\" \/>\n<meta property=\"article:modified_time\" content=\"2026-03-26T20:31:17+00:00\" \/>\n<meta property=\"og:image\" content=\"https:\/\/latetechercheuse.com\/wp-content\/uploads\/2025\/02\/Logo-2.png\" \/>\n\t<meta property=\"og:image:width\" content=\"301\" \/>\n\t<meta property=\"og:image:height\" content=\"288\" \/>\n\t<meta property=\"og:image:type\" content=\"image\/png\" \/>\n<meta name=\"twitter:card\" content=\"summary_large_image\" \/>\n<script type=\"application\/ld+json\" class=\"yoast-schema-graph\">{\"@context\":\"https:\\\/\\\/schema.org\",\"@graph\":[{\"@type\":\"WebPage\",\"@id\":\"https:\\\/\\\/latetechercheuse.com\\\/en\\\/business-job-offers\\\/political-communications-and-media-content-manager\\\/\",\"url\":\"https:\\\/\\\/latetechercheuse.com\\\/en\\\/business-job-offers\\\/political-communications-and-media-content-manager\\\/\",\"name\":\"Political Communications and Media Content Manager - La T\u00eate Chercheuse\",\"isPartOf\":{\"@id\":\"https:\\\/\\\/latetechercheuse.com\\\/en\\\/#website\"},\"datePublished\":\"2026-03-26T20:15:16+00:00\",\"dateModified\":\"2026-03-26T20:31:17+00:00\",\"breadcrumb\":{\"@id\":\"https:\\\/\\\/latetechercheuse.com\\\/en\\\/business-job-offers\\\/political-communications-and-media-content-manager\\\/#breadcrumb\"},\"inLanguage\":\"en-US\",\"potentialAction\":[{\"@type\":\"ReadAction\",\"target\":[\"https:\\\/\\\/latetechercheuse.com\\\/en\\\/business-job-offers\\\/political-communications-and-media-content-manager\\\/\"]}]},{\"@type\":\"BreadcrumbList\",\"@id\":\"https:\\\/\\\/latetechercheuse.com\\\/en\\\/business-job-offers\\\/political-communications-and-media-content-manager\\\/#breadcrumb\",\"itemListElement\":[{\"@type\":\"ListItem\",\"position\":1,\"name\":\"Home\",\"item\":\"https:\\\/\\\/latetechercheuse.com\\\/en\\\/\"},{\"@type\":\"ListItem\",\"position\":2,\"name\":\"Political Communications and Media Content Manager\"}]},{\"@type\":\"WebSite\",\"@id\":\"https:\\\/\\\/latetechercheuse.com\\\/en\\\/#website\",\"url\":\"https:\\\/\\\/latetechercheuse.com\\\/en\\\/\",\"name\":\"La T\u00eate Chercheuse\",\"description\":\"\",\"publisher\":{\"@id\":\"https:\\\/\\\/latetechercheuse.com\\\/en\\\/#organization\"},\"potentialAction\":[{\"@type\":\"SearchAction\",\"target\":{\"@type\":\"EntryPoint\",\"urlTemplate\":\"https:\\\/\\\/latetechercheuse.com\\\/en\\\/?s={search_term_string}\"},\"query-input\":{\"@type\":\"PropertyValueSpecification\",\"valueRequired\":true,\"valueName\":\"search_term_string\"}}],\"inLanguage\":\"en-US\"},{\"@type\":\"Organization\",\"@id\":\"https:\\\/\\\/latetechercheuse.com\\\/en\\\/#organization\",\"name\":\"La T\u00eate Chercheuse\",\"url\":\"https:\\\/\\\/latetechercheuse.com\\\/en\\\/\",\"logo\":{\"@type\":\"ImageObject\",\"inLanguage\":\"en-US\",\"@id\":\"https:\\\/\\\/latetechercheuse.com\\\/en\\\/#\\\/schema\\\/logo\\\/image\\\/\",\"url\":\"https:\\\/\\\/latetechercheuse.com\\\/wp-content\\\/uploads\\\/2024\\\/11\\\/Logo.svg\",\"contentUrl\":\"https:\\\/\\\/latetechercheuse.com\\\/wp-content\\\/uploads\\\/2024\\\/11\\\/Logo.svg\",\"width\":1,\"height\":1,\"caption\":\"La T\u00eate Chercheuse\"},\"image\":{\"@id\":\"https:\\\/\\\/latetechercheuse.com\\\/en\\\/#\\\/schema\\\/logo\\\/image\\\/\"},\"sameAs\":[\"https:\\\/\\\/www.facebook.com\\\/LaTeteChercheuse\",\"https:\\\/\\\/www.linkedin.com\\\/company\\\/la-tete-chercheuse\\\/\",\"https:\\\/\\\/www.instagram.com\\\/la.tete.chercheuse\\\/\"]}]}<\/script>\n<!-- \/ Yoast SEO Premium plugin. -->","yoast_head_json":{"title":"Political Communications and Media Content Manager - La T\u00eate Chercheuse","robots":{"index":"index","follow":"follow","max-snippet":"max-snippet:-1","max-image-preview":"max-image-preview:large","max-video-preview":"max-video-preview:-1"},"canonical":"https:\/\/latetechercheuse.com\/en\/business-job-offers\/political-communications-and-media-content-manager\/","og_locale":"en_US","og_type":"article","og_title":"Political Communications and Media Content Manager","og_url":"https:\/\/latetechercheuse.com\/en\/business-job-offers\/political-communications-and-media-content-manager\/","og_site_name":"La T\u00eate Chercheuse","article_publisher":"https:\/\/www.facebook.com\/LaTeteChercheuse","article_modified_time":"2026-03-26T20:31:17+00:00","og_image":[{"width":301,"height":288,"url":"https:\/\/latetechercheuse.com\/wp-content\/uploads\/2025\/02\/Logo-2.png","type":"image\/png"}],"twitter_card":"summary_large_image","schema":{"@context":"https:\/\/schema.org","@graph":[{"@type":"WebPage","@id":"https:\/\/latetechercheuse.com\/en\/business-job-offers\/political-communications-and-media-content-manager\/","url":"https:\/\/latetechercheuse.com\/en\/business-job-offers\/political-communications-and-media-content-manager\/","name":"Political Communications and Media Content Manager - La T\u00eate Chercheuse","isPartOf":{"@id":"https:\/\/latetechercheuse.com\/en\/#website"},"datePublished":"2026-03-26T20:15:16+00:00","dateModified":"2026-03-26T20:31:17+00:00","breadcrumb":{"@id":"https:\/\/latetechercheuse.com\/en\/business-job-offers\/political-communications-and-media-content-manager\/#breadcrumb"},"inLanguage":"en-US","potentialAction":[{"@type":"ReadAction","target":["https:\/\/latetechercheuse.com\/en\/business-job-offers\/political-communications-and-media-content-manager\/"]}]},{"@type":"BreadcrumbList","@id":"https:\/\/latetechercheuse.com\/en\/business-job-offers\/political-communications-and-media-content-manager\/#breadcrumb","itemListElement":[{"@type":"ListItem","position":1,"name":"Home","item":"https:\/\/latetechercheuse.com\/en\/"},{"@type":"ListItem","position":2,"name":"Political Communications and Media Content Manager"}]},{"@type":"WebSite","@id":"https:\/\/latetechercheuse.com\/en\/#website","url":"https:\/\/latetechercheuse.com\/en\/","name":"La T\u00eate Chercheuse","description":"","publisher":{"@id":"https:\/\/latetechercheuse.com\/en\/#organization"},"potentialAction":[{"@type":"SearchAction","target":{"@type":"EntryPoint","urlTemplate":"https:\/\/latetechercheuse.com\/en\/?s={search_term_string}"},"query-input":{"@type":"PropertyValueSpecification","valueRequired":true,"valueName":"search_term_string"}}],"inLanguage":"en-US"},{"@type":"Organization","@id":"https:\/\/latetechercheuse.com\/en\/#organization","name":"La T\u00eate Chercheuse","url":"https:\/\/latetechercheuse.com\/en\/","logo":{"@type":"ImageObject","inLanguage":"en-US","@id":"https:\/\/latetechercheuse.com\/en\/#\/schema\/logo\/image\/","url":"https:\/\/latetechercheuse.com\/wp-content\/uploads\/2024\/11\/Logo.svg","contentUrl":"https:\/\/latetechercheuse.com\/wp-content\/uploads\/2024\/11\/Logo.svg","width":1,"height":1,"caption":"La T\u00eate Chercheuse"},"image":{"@id":"https:\/\/latetechercheuse.com\/en\/#\/schema\/logo\/image\/"},"sameAs":["https:\/\/www.facebook.com\/LaTeteChercheuse","https:\/\/www.linkedin.com\/company\/la-tete-chercheuse\/","https:\/\/www.instagram.com\/la.tete.chercheuse\/"]}]}},"translations":{"language_code":"en","locale":"en_US","text_direction":false,"display_name":"EN","native_name":"EN","different_language":false},"_links":{"self":[{"href":"https:\/\/latetechercheuse.com\/en\/wp-json\/wp\/v2\/jobs\/2700","targetHints":{"allow":["GET"]}}],"collection":[{"href":"https:\/\/latetechercheuse.com\/en\/wp-json\/wp\/v2\/jobs"}],"about":[{"href":"https:\/\/latetechercheuse.com\/en\/wp-json\/wp\/v2\/types\/jobs"}],"wp:attachment":[{"href":"https:\/\/latetechercheuse.com\/en\/wp-json\/wp\/v2\/media?parent=2700"}],"wp:term":[{"taxonomy":"sectors","embeddable":true,"href":"https:\/\/latetechercheuse.com\/en\/wp-json\/wp\/v2\/sectors?post=2700"},{"taxonomy":"levels","embeddable":true,"href":"https:\/\/latetechercheuse.com\/en\/wp-json\/wp\/v2\/levels?post=2700"}],"curies":[{"name":"wp","href":"https:\/\/api.w.org\/{rel}","templated":true}]}}

Fédération des médecins résidents du Québec

Montréal

<p class="p1">The Fédération des médecins résidents du Québec (FMRQ) is a professional union representing resident physicians’ associations from the four medical faculties of Université de Montréal, McGill University, Université de Sherbrooke, and Université Laval.</p>
<p class="p1">The FMRQ is dedicated to the study, advocacy, and advancement of the financial, social, moral, academic, and professional interests of its member associations and their members. It is responsible for negotiating the collective agreement and ensuring its proper implementation within training environments. The organization also negotiates a range of financial services and personal insurance offerings.</p>

<!-- This site is optimized with the Yoast SEO Premium plugin v27.4 (Yoast SEO v27.5) - https://yoast.com/product/yoast-seo-premium-wordpress/ -->
<title>Political Communications and Media Content Manager - La Tête Chercheuse</title>
<meta name="robots" content="index, follow, max-snippet:-1, max-image-preview:large, max-video-preview:-1" />
<link rel="canonical" href="https://latetechercheuse.com/en/business-job-offers/political-communications-and-media-content-manager/" />
<meta property="og:locale" content="en_US" />
<meta property="og:type" content="article" />
<meta property="og:title" content="Political Communications and Media Content Manager" />
<meta property="og:url" content="https://latetechercheuse.com/en/business-job-offers/political-communications-and-media-content-manager/" />
<meta property="og:site_name" content="La Tête Chercheuse" />
<meta property="article:publisher" content="https://www.facebook.com/LaTeteChercheuse" />
<meta property="article:modified_time" content="2026-03-26T20:31:17+00:00" />
<meta property="og:image" content="https://latetechercheuse.com/wp-content/uploads/2025/02/Logo-2.png" />
	<meta property="og:image:width" content="301" />
	<meta property="og:image:height" content="288" />
	<meta property="og:image:type" content="image/png" />
<meta name="twitter:card" content="summary_large_image" />
<script type="application/ld+json" class="yoast-schema-graph">{"@context":"https:\/\/schema.org","@graph":[{"@type":"WebPage","@id":"https:\/\/latetechercheuse.com\/en\/business-job-offers\/political-communications-and-media-content-manager\/","url":"https:\/\/latetechercheuse.com\/en\/business-job-offers\/political-communications-and-media-content-manager\/","name":"Political Communications and Media Content Manager - La Tête Chercheuse","isPartOf":{"@id":"https:\/\/latetechercheuse.com\/en\/#website"},"datePublished":"2026-03-26T20:15:16+00:00","dateModified":"2026-03-26T20:31:17+00:00","breadcrumb":{"@id":"https:\/\/latetechercheuse.com\/en\/business-job-offers\/political-communications-and-media-content-manager\/#breadcrumb"},"inLanguage":"en-US","potentialAction":[{"@type":"ReadAction","target":["https:\/\/latetechercheuse.com\/en\/business-job-offers\/political-communications-and-media-content-manager\/"]}]},{"@type":"BreadcrumbList","@id":"https:\/\/latetechercheuse.com\/en\/business-job-offers\/political-communications-and-media-content-manager\/#breadcrumb","itemListElement":[{"@type":"ListItem","position":1,"name":"Home","item":"https:\/\/latetechercheuse.com\/en\/"},{"@type":"ListItem","position":2,"name":"Political Communications and Media Content Manager"}]},{"@type":"WebSite","@id":"https:\/\/latetechercheuse.com\/en\/#website","url":"https:\/\/latetechercheuse.com\/en\/","name":"La Tête Chercheuse","description":"","publisher":{"@id":"https:\/\/latetechercheuse.com\/en\/#organization"},"potentialAction":[{"@type":"SearchAction","target":{"@type":"EntryPoint","urlTemplate":"https:\/\/latetechercheuse.com\/en\/?s={search_term_string}"},"query-input":{"@type":"PropertyValueSpecification","valueRequired":true,"valueName":"search_term_string"}}],"inLanguage":"en-US"},{"@type":"Organization","@id":"https:\/\/latetechercheuse.com\/en\/#organization","name":"La Tête Chercheuse","url":"https:\/\/latetechercheuse.com\/en\/","logo":{"@type":"ImageObject","inLanguage":"en-US","@id":"https:\/\/latetechercheuse.com\/en\/#\/schema\/logo\/image\/","url":"https:\/\/latetechercheuse.com\/wp-content\/uploads\/2024\/11\/Logo.svg","contentUrl":"https:\/\/latetechercheuse.com\/wp-content\/uploads\/2024\/11\/Logo.svg","width":1,"height":1,"caption":"La Tête Chercheuse"},"image":{"@id":"https:\/\/latetechercheuse.com\/en\/#\/schema\/logo\/image\/"},"sameAs":["https:\/\/www.facebook.com\/LaTeteChercheuse","https:\/\/www.linkedin.com\/company\/la-tete-chercheuse\/","https:\/\/www.instagram.com\/la.tete.chercheuse\/"]}]}</script>
<!-- / Yoast SEO Premium plugin. -->

Political Communications and Media Content Manager - La Tête Chercheuse

La Tête Chercheuse
